divided by 339070.
154
What is the remainder when 2211051 is divided by 737012?
15
Calculate the remainder when 621909 is divided by 65.
54
Calculate the remainder when 11343870 is divided by 38.
34
Calculate the remainder when 217390 is divided by 1423.
1094
Calculate the remainder when 1043079 is divided by 347.
344
Calculate the remainder when 2439493 is divided by 32098.
45
What is the remainder when 6790312378 is divided by 102?
100
Calculate the remainder when 40027 is divided by 37232.
2795
What is the remainder when 54928 is divided by 4235?
4108
Calculate the remainder when 13174057 is divided by 3711.
7
What is the remainder when 217597 is divided by 2175?
97
Calculate the remainder when 763795 is divided by 3807.
2395
Calculate the remainder when 419154 is divided by 785.
749
Calculate the remainder when 585975270 is divided by 7482.
7476
Calculate the remainder when 588871 is divided by 5704.
1359
Calculate the remainder when 61676 is divided by 61466.
210
Calculate the remainder when 620075 is divided by 299.
248
Calculate the remainder when 30633 is divided by 30130.
503
What is the remainder when 11672635 is divided by 2918155?
15
Calculate the remainder when 55814 is divided by 27484.
846
What is the remainder when 1435531 is divided by 10?
1
What is the remainder when 1232665 is divided by 160?
25
What is the remainder when 11691808 is divided by 1566?
52
What is the remainder when 3400923 is divided by 1252?
491
Calculate the remainder when 171335 is divided by 171080.
255
Calculate the remainder when 125929 is divided by 77.
34
Calculate the remainder when 24146 is divided by 2649.
305
What is the remainder when 5340 is divided by 2171?
998
Calculate the remainder when 8152007 is divided by 905776.
23
What is the remainder when 67478530 is divided by 33739258?
14
What is the remainder when 15040824 is divided by 3?
0
What is the remainder when 4778547 is divided by 32?
19
What is the remainder when 16270824 is divided by 250320?
24
What is the remainder when 1386148 is divided by 6?
4
Calculate the remainder when 2305152 is divided by 3927.
3
Calculate the remainder when 373177907 is divided by 54.
53
What is the remainder when 6460449 is divided by 164?
161
Calculate the remainder when 455126579 is divided by 540.
539
What is the remainder when 17343896 is divided by 900?
896
What is the remainder when 1585798 is divided by 647?
1
Calculate the remainder when 6160052 is divided by 23.
8
Calculate the remainder when 8805628 is divided by 472.
468
What is the remainder when 1045224 is divided by 823?
14
Calculate the remainder when 1271557 is divided by 1271503.
54
What is the remainder when 1063331 is divided by 311?
22
Calculate the remainder when 7938313 is divided by 87.
85
What is the remainder when 183772327 is divided by 632?
631
What is the remainder when 31655371 is divided by 233?
224
Calculate the remainder when 4772848 is divided by 413.
220
Calculate the remainder when 1147850 is divided by 1277.
1104
Calculate the remainder when 971425 is divided by 7834.
9
Calculate the remainder when 166591485 is divided by 3904.
3901
What is the remainder when 1625576 is divided by 314?
312
What is the remainder when 10064517 is divided by 78019?
66
Calculate the remainder when 391867 is divided by 64.
59
Calculate the remainder when 209197 is divided by 23.
12
What is the remainder when 326827 is divided by 326374?
453
What is the remainder when 9535896 is divided by 2995?
2811
What is the remainder when 1070174 is divided by 172?
162
Calculate the remainder when 209793 is divided by 69858.
219
Calculate the remainder when 2500573 is divided by 2500572.
1
Calculate the remainder when 68124260 is divided by 1345.
10
Calculate the remainder when 596437 is divided by 1117.
1076
What is the remainder when 39332355 is divided by 272?
67
Calculate the remainder when 11864917 is divided by 84.
1
What is the remainder when 6491079 is divided by 927297?
0
What is the remainder when 418559 is divided by 254?
221
Calculate the remainder when 119649874 is divided by 68.
66
Calculate the remainder when 85330 is divided by 7682.
828
What is the remainder when 1188854 is divided by 346?
344
Calculate the remainder when 5540770 is divided by 4422.
4
Calculate the remainder when 52148941 is divided by 1457.
1454
Calculate the remainder when 62200409 is divided by 4277.
4275
Calculate the remainder when 2359228 is divided by 20878.
14
What is the remainder when 24903233 is divided by 8301077?
2
Calculate the remainder when 651945 is divided by 217239.
228
Calculate the remainder when 487618 is divided by 270.
268
What is the remainder when 170918964 is divided by 277?
269
What is the remainder when 146902434 is divided by 2537?
2523
Calculate the remainder when 8354878 is divided by 4177431.
16
Calculate the remainder when 6205146 is divided by 517095.
6
Calculate the remainder when 9426865 is divided by 30.
25
What is the remainder when 645278303 is divided by 76?
75
What is the remainder when 192166 is divided by 31015?
6076
Calculate the remainder when 2164465 is divided by 30.
25
Calculate the remainder when 2927709 is divided by 3610.
3609
What is the remainder when 9015906 is divided by 1803166?
76
What is the remainder when 4878033 is divided by 22376?
65
Calculate the remainder when 321110 is divided by 8898.
782
What is the remainder when 167113 is divided by 1049?
322
What is the remainder when 5673205 is divided by 872?
845
Calculate the remainder when 23052 is divided by 4234.
1882
What is the remainder when 14725526 is divided by 2648?
2646
Calculate the remainder when 329926 is divided by 1500.
1426
Calculate the remainder when 38041 is divided by 11947.
2200
Calculate the remainder when 27305521 is divided by 206.
15
Calculate the remainder when 8909 is divided by 385.
54
Calculate the remainder when 147986 is divided by 36800.
786
Calculate the remainder when 111676 is divided by 111171.
505
What is the remainder when 10749597 is divided by 1731?
87
What is the remainder when 243441 is divided by 11063?
55
Calculate the remainder when 5331 is divided by 279.
30
Calculate the remainder when 2125873 is divided by 265732.
17
What is the remainder when 561200 is divided by 3050?
0
What is the remainder when 932338 is divided by 512?
498
Calculate the remainder when 42265 is divided by 3658.
2027
What is the remainder when 1006976 is divided by 830?
186
What is the remainder when 9070877 is divided by 1246?
1243
Calculate the remainder when 17670 is divided by 207.
75
Calculate the remainder when 1112007 is divided by 1111993.
14
Calculate the remainder when 136587 is divided by 247.
243
Calculate the remainder when 2166135 is divided by 65.
10
Calculate the remainder when 11193460 is divided by 63.
61
Calculate the remainder when 2926354 is divided by 487718.
46
What is the remainder when 371511577 is divided by 11?
8
Calculate the remainder when 262246 is divided by 87298.
352
What is the remainder when 3964343 is divided by 304946?
45
What is the remainder when 263087 is divided by 1539?
1457
Calculate the remainder when 1177129 is divided by 3661.
1948
Calculate the remainder when 298477 is divided by 71915.
10817
Calculate the remainder when 447726 is divided by 1027.
981
What is the remainder when 3248334 is divided by 728?
726
Calculate the remainder when 157190 is divided by 1829.
1725
Calculate the remainder when 15421414 is divided by 135.
94
What is the remainder when 5469656 is divided by 5469638?
18
What is the remainder when 367 is divided by 32?
15
Calculate the remainder when 9772709 is divided by 166.
123
What is the remainder when 77205209 is divided by 142445?
19
What is the remainder when 6359 is divided by 1156?
579
What is the remainder when 103663 is divided by 2836?
1567
What is the remainder when 1201579 is divided by 119?
36
Calculate the remainder when 37518939 is divided by 19.
0
What is the remainder when 5324309 is divided by 126769?
11
What is the remainder when 35021730 is divided by 358?
22
What is the remainder when 4828952 is divided by 3888?
56
Calculate the remainder when 65632275 is divided by 5495.
5490
What is the remainder when 391716 is divided by 43486?
342
Calculate the remainder whe